t is the thousands digit of 135727?
5
What is the ten thousands digit of 45458?
4
What is the hundreds digit of 4796?
7
What is the units digit of 44777?
7
What is the hundreds digit of 23149?
1
What is the tens digit of 361?
6
What is the hundreds digit of 201?
2
What is the thousands digit of 5177?
5
What is the tens digit of 1311?
1
What is the units digit of 4221?
1
What is the units digit of 624?
4
What is the hundreds digit of 52926?
9
What is the hundreds digit of 1254?
2
What is the hundreds digit of 13425?
4
What is the units digit of 8563?
3
What is the thousands digit of 18427?
8
What is the tens digit of 34536?
3
What is the units digit of 8?
8
What is the units digit of 2512?
2
What is the hundreds digit of 158105?
1
What is the thousands digit of 4697?
4
What is the hundreds digit of 64559?
5
What is the tens digit of 542?
4
What is the units digit of 14245?
5
What is the tens digit of 855?
5
What is the ten thousands digit of 18230?
1
What is the units digit of 12683?
3
What is the tens digit of 24139?
3
What is the units digit of 470?
0
What is the tens digit of 1894?
9
What is the tens digit of 868?
6
What is the thousands digit of 8934?
8
What is the tens digit of 385?
8
What is the hundreds digit of 8951?
9
What is the hundreds digit of 18367?
3
What is the tens digit of 610?
1
What is the hundreds digit of 14185?
1
What is the tens digit of 171779?
7
What is the tens digit of 85763?
6
What is the tens digit of 858?
5
What is the units digit of 441?
1
What is the units digit of 428?
8
What is the tens digit of 22685?
8
What is the units digit of 2035?
5
What is the units digit of 5932?
2
What is the ten thousands digit of 13846?
1
What is the tens digit of 61066?
6
What is the ten thousands digit of 33933?
3
What is the hundreds digit of 100?
1
What is the tens digit of 32803?
0
What is the tens digit of 72595?
9
What is the hundreds digit of 236?
2
What is the tens digit of 8382?
8
What is the thousands digit of 39106?
9
What is the ten thousands digit of 27377?
2
What is the hundreds digit of 81035?
0
What is the hundreds digit of 1485?
4
What is the units digit of 996?
6
What is the tens digit of 1347?
4
What is the tens digit of 1684?
8
What is the thousands digit of 2402?
2
What is the hundreds digit of 3972?
9
What is the tens digit of 4498?
9
What is the units digit of 2076?
6
What is the ten thousands digit of 49509?
4
What is the hundreds digit of 4025?
0
What is the tens digit of 452?
5
What is the tens digit of 2165?
6
What is the tens digit of 362?
6
What is the ten thousands digit of 133589?
3
What is the tens digit of 808?
0
What is the tens digit of 345?
4
What is the hundreds digit of 8220?
2
What is the tens digit of 1525?
2
What is the tens digit of 8917?
1
What is the ten thousands digit of 181434?
8
What is the thousands digit of 2022?
2
What is the units digit of 1486?
6
What is the hundreds digit of 708?
7
What is the tens digit of 969?
6
What is the units digit of 531?
1
What is the ten thousands digit of 10068?
1
What is the thousands digit of 3299?
3
What is the units digit of 412?
2
What is the units digit of 2780?
0
What is the hundreds digit of 92981?
9
What is the units digit of 1783?
3
What is the thousands digit of 30693?
0
What is the tens digit of 5889?
8
What is the thousands digit of 129236?
9
What is the thousands digit of 2280?
2
What is the thousands digit of 5781?
5
What is the tens digit of 6167?
6
What is the hundreds digit of 120?
1
What is the units digit of 28611?
1
What is the units digit of 1771?
1
What is the tens digit of 924?
2
What is the tens digit of 15177?
7
What is the units digit of 6672?
2
What is the thousands digit of 13944?
3
What is the thousands digit of 6581?
6
What is the thousands digit of 61643?
1
What is the tens digit of 7166?
6
What is the tens digit of 38032?
3
What is the hundreds digit of 24645?
6
What is the units digit of 5294?
4
What is the units digit of 39906?
6
What is the units digit of 8702?
2
What is the ten thousands digit of 73882?
7
What is the hundreds digit of 852?
8
What is the hundreds digit of 17035?
0
What is the hundreds digit of 8382?
3
What is the tens digit of 21042?
4
What is the units digit of 1915?
5
What is the thousands digit of 98384?
8
What is the tens digit of 12434?
3
What is the units digit of 237?
7
What is the hundred thousands digit of 119050?
1
What is the thousands digit of 14868?
4
What is the units digit of 852?
2
What is the tens digit of 1022?
2
What is the hundreds digit of 709?
7
What is the units digit of 12783?
3
What is the units digit of 2088?
8
What is the thousands digit of 1112?
1
What is the units digit of 14762?
2
What is the tens digit of 24667?
6
What is the units digit of 64767?
7
What is the tens digit of 534?
3
What is the units digit of 2197?
7
What is the tens digit of 85828?
2
What is the ten thousands digit of 99003?
9
What is the tens digit of 74?
7
What is the hundreds digit of 561?
5
What is the hundreds digit of 10699?
6
What is the thousands digit of 49638?
9
What is the tens digit of 11190?
9
What is the units digit of 878?
8
What is the hundreds digit of 2471?
4
What is the hundreds digit of 166063?
0
What is the units digit of 676?
6
What is the units digit of 1670?
0
What is the thousands digit of 2135?
2
What is the tens digit of 1406?
0
What is the units digit of 2052?
2
What is the units digit of 12064?
4
What is the tens digit of 9374?
7
What is the tens digit of 1091?
9
What is the tens digit of 817?
1
What is the tens digit of 1930?
3
What is the units digit of 12476?
6
What is the ten thousands digit of 48979?
4
What is the tens digit of 1690?
9
What is the ten thousands digit of 32149?
3
What is the thousands digit of 8115?
8
What is the hundred thousands digit of 143514?
1
What is the tens digit of 112900?
0
What is the hundreds digit of 52662?
6
What is the hundreds digit of 11182?
1
What is the ten thousands digit of 52219?
5
What is the hundreds digit of 2163?
1
What is the hundreds digit of 61097?
0
What is the units digit of 1037?
7
What is the tens digit of 3841?
4
What is the thousands digit of 6615?
6
What is the units digit of 40977?
7
What is the tens digit of 260?
6
What is the hundreds digit of 5455?
4
What is the units digit of 953?
3
What is the thousands digit of 2340?
2
What is the units digit of 10338?
8
What is the hundreds digit of 15197?
1
What is the thousands digit of 181546?
1
What is the ten thousands digit of 21302?
2
What is the hundreds digit of 18774?
7
What is the units digit of 9091?
1
What is the hundreds digit of 1252?
2
What is the ten thousands digit of 67155?
6
What is the tens digit of 67476?
7
What is the units digit of 7317?
7
What is the tens digit of 68978?
7
What is the thousands digit of 1916?
1
What is the hundreds digit of 23193?
1
What is the thousands digit of 94650?
4
What is the thousands digit of 32675?
2
What is the tens digit of 3773?
7
What is the tens digit of 2187?
8
What is the units digit of 8976?
6
What is the units digit of 1083?
3
What is the thousands digit of 8485?
8
What is the thousands digit of 1047?
1
What is the units digit of 13689?
9
What is the thousands digit of 12490?
2
What is the tens digit of 4825?
2
What is the tens digit of 49?
4
What is the thousands digit of 5155?
5
What is the thousands digit of 84466?
4
What is the thousands digit of 3842?
3
What is the hundreds digit of 1513?
5
What is the tens digit of 3528?
2
What is the units digit of 806?
6
What is the units digit of 29523?
3
What is the ten thousands digit of 35035?
3
What is the tens digit of 4611?
1
What is the tens digit of 145?
4
What is the tens digit of 2572?
7
What is the thousands digit of 7713?
7
What is the hundreds digit of 948?
9
What is the units digit of 6306?
6
What is the units digit of 45114?
4
What is the thousands digit of 2374?
2
What is the hundreds digit of 651?
6
What is the tens digit of 592?
9
What is the units digit of 972?
2
What is the hundreds digit of 68286?
2
What is the hundreds digit of 51029?
0
What is the units digit of 16419?
9
What is the tens digit of 1747?
4
What is the ten thousands digit of 74118?
7
What is the hundreds digit of 26330?
3
What is the hundreds digit of 87124?
1
What is the hundreds d